e 0 = g + 4*g. Let m(h) = h + 39. What is the units digit of m(g)?
9
Let m(g) = -g**2 - 4*g + 2. Let x be m(-3). Suppose -24 = -x*c + 31. What is the units digit of (-2)/(-3)*(-2 + c)?
6
Suppose 12 + 6 = 3*r. Let w be r/(-21) + (-58)/(-7). Suppose w = -4*g + 28. What is the units digit of g?
5
Let n(a) = -1. Let d(x) = 4*x + 16. Let t(u) = d(u) + 20*n(u). Suppose 3*p - 4 = 8. What is the tens digit of t(p)?
1
Let q(f) = -2 - 67*f - 4 + 4 + 3. Let y be q(3). What is the units digit of y/(-12) - (-4)/(-6)?
6
Let s = -1 + 2. What is the units digit of 24/(s - 2 - -2)?
4
Let w be 1*-5*3/(-3). Let q = w - 1. Suppose -80 = -4*h - h - q*k, 0 = 5*h + k - 65. What is the tens digit of h?
1
Suppose -139 = -11*i - 18. What is the tens digit of i?
1
Let l(z) be the second derivative of -2*z**3/3 - z**2/2 - 4*z. What is the tens digit of l(-3)?
1
Suppose 4*p = 3*p + 3. Suppose -g + 2 + 3 = 0, -5*q = p*g - 25. Suppose q*k + 4*y = -8, k + 5*y + 7 = -6. What is the units digit of k?
2
What is the units digit of (38/(-3))/((4/(-3))/2)?
9
Let p(h) = 2*h - 6*h + 15 + 5*h. What is the units digit of p(-5)?
0
Let h be 3 + 109 - 3/(-1). Suppose 7*v - h = 2*v. What is the units digit of v?
3
Suppose -38 = -4*l + 2*v - 0*v, 2*l + 5*v = 37. What is the tens digit of l?
1
What is the tens digit of (-16)/(-20) + (-798)/(-15)?
5
Suppose -2*h = -7*h - 30. Let a = h - -10. Let k = a + 0. What is the units digit of k?
4
Let r(a) = -a**3 + 8*a**2 - 3*a - 8. Let y be r(7). Suppose 0 = 2*l - 3*p + 7*p - y, 15 = 5*p. Suppose 2*o = l - 0. What is the units digit of o?
2
Let s(l) be the second derivative of -l**3/2 + l**2/2 + 3*l. What is the units digit of s(-2)?
7
Let j = -5 - -1. What is the units digit of j/14 - 116/(-14)?
8
Suppose 0*h - 26 = -2*l - h, -h - 49 = -3*l. Let b be (-185)/l + (-2)/(-6). What is the units digit of (-58)/(-8) + 3/b?
7
Let v = -33 + 54. What is the units digit of v?
1
Let i be 8/(1 - (-1 - 0)). Let t be (i + -4)*(-1 - 0). Suppose t = 4*x - 19 - 5. What is the units digit of x?
6
Let j(s) = -s**2 - 12*s + 9. Let w be j(-9). Suppose 7*l - w = 3*l. Suppose -3 - l = -g. What is the tens digit of g?
1
Let b = 16 + -6. Suppose s + 3*d + b = 2*s, 2 = 2*s + 3*d. What is the units digit of (56/12)/(s/6)?
7
Let z(x) = -3*x + 2. Let o be z(2). Let l(y) = -y**3 - 4*y**2 + 2. What is the units digit of l(o)?
2
Suppose 2*a = -0 + 4. Suppose -a*n = 2*n. Suppose n = -3*v - 0 + 6. What is the units digit of v?
2
Suppose -436 + 1081 = 3*s. What is the units digit of s?
5
Let u(c) = 2 - 3*c + c**2 - 5 + 3 + 2. What is the tens digit of u(6)?
2
What is the tens digit of (-4 - 1)/(1/(-6))?
3
Let i(a) = -5*a + 3. Let u be i(3). Let t = u - -7. What is the units digit of 2/5*t/(-2)?
1
Let s(q) = -3*q**3 - 9*q**2 - 13*q + 7. What is the hundreds digit of s(-5)?
2
Let k = 11 - 9. Suppose 36 = -0*r + k*r. What is the tens digit of r?
1
What is the tens digit of (-3)/(-6)*(-52)/(-2)?
1
Let w(k) = -2*k - 9. Let q be w(-7). Suppose -q*h = -4*h - 40. What is the tens digit of h?
4
What is the tens digit of (-9)/15*-31 - 4/(-10)?
1
Let t(p) be the second derivative of -p**5/10 - p**4/4 - p**3/3 - 2*p**2 + 3*p. What is the units digit of t(-3)?
9
Suppose 11 = -s - 4*g, g + 2 = -s - 0*s. What is the units digit of s?
1
Suppose -5*o = -3*z + 983, 4*z = 3*o - 8*o + 1299. What is the tens digit of z?
2
Suppose 2*h + 5*r = 7*r + 264, 0 = -r - 5. What is the units digit of h?
7
Suppose 0 = -5*x + 2*t + 566, 3*t - 146 = 3*x - 491. What is the tens digit of x?
1
Let s = 27 - -53. What is the tens digit of s?
8
Let n(x) be the second derivative of 3/2*x**2 + 1/6*x**3 + 1/20*x**5 + 2*x + 0 + 5/12*x**4. What is the units digit of n(-4)?
5
Let a = 8 - 5. Suppose 44 = 5*s + 4*p, a*s - 29 = -p - 4*p. What is the units digit of s?
8
Let r = -4 - -1. Let c be (1 + 0 - r)/(-1). Let d(i) = -i**2 - 5*i + 5. What is the units digit of d(c)?
9
Suppose -3*v = -9 + 3. Suppose 143 = 5*z - 3*l, -z + 85 = v*z - 2*l. What is the units digit of z?
1
Suppose 0 = -4*i + 3*i + 8. Let y = 6 + -8. What is the units digit of (i - 1) + 0 + y?
5
Suppose 0 = 3*d + z - 383, 605 = 3*d + 2*d - 5*z. What is the tens digit of d?
2
Let o(h) = -10*h - 5. Suppose -5*f + 6 - 21 = 0. What is the units digit of o(f)?
5
What is the tens digit of (-10)/(-15)*447/2?
4
Let o(b) = -b**3 + 4*b**2 - b + 4. Let p be o(4). Suppose -3*v + 0*v + 78 = p. What is the tens digit of v?
2
Let h(k) be the second derivative of k**5/20 - 5*k**4/6 - 5*k**3/3 - 9*k**2/2 - 2*k. Let d be (-2)/((-3)/((-66)/(-4))). What is the units digit of h(d)?
2
What is the hundreds digit of 24/(-108) + (-1028)/(-9) + -1?
1
Suppose -3*w + 12 = -2*c, 9 = 2*w - 3*c + 2*c. What is the units digit of w?
6
Let a(g) = -2 + 4*g - 2*g + 0*g. Let n = 27 + -18. What is the tens digit of a(n)?
1
Suppose z - 2*z = -6. Suppose 11*k - 60 = z*k. What is the units digit of k?
2
Let v be ((-6)/4)/(1/(-2)). Let m = 8 - v. What is the units digit of 73/m - 4/(-10)?
5
Suppose -5*h + 2*s = -0*h - 279, 175 = 3*h - 5*s. Suppose -2*a = p - 0*p - h, 3*p - 3 = 0. What is the units digit of a?
7
Suppose 0 = -4*g - 5*c + 424, -5*c = -2*g - 4*c + 226. What is the units digit of g?
1
Let k(o) = -o**3 - 4*o**2 - 4*o - 2. Let u be k(-2). Let p(j) = -3*j**3 - 3*j**2 - 3*j - 1. What is the units digit of p(u)?
7
Let p(n) = -n**3 - 5*n**2 + 10*n + 8. Let r be p(-6). Suppose -4*w - 32 = -5*u + 19, -3*w - u = 24. Let t = w - r. What is the units digit of t?
7
Let j(w) = 2*w**2 - 10 - 5*w - w**2 + 0*w**2 + 0*w**2. Let o be j(7). Let h(n) = 2*n**2 - 6*n + 5. What is the tens digit of h(o)?
1
Let i be (8/(-20))/((-1)/(-5)). Let w be (-6)/i - (1 - 0). What is the units digit of 24/w*2/3?
8
Suppose -b = -2*b + 36. Let h be (-1 - 1)*13/1. Let f = b + h. What is the tens digit of f?
1
Let z(n) = n - 5. Let k be z(7). Suppose k*r - 3*b + 0*b = 20, 0 = 2*r + 4*b + 8. Suppose r*q - q = 42. What is the units digit of q?
4
Suppose -339 = -4*p + 241. What is the tens digit of p?
4
Suppose 2*b - 7*b - 35 = 0. Let a = -6 - b. What is the units digit of a?
1
Let d be (-1)/(2 + (-23)/11). Suppose -3*w + d + 75 = -2*f, -2*w = -f - 59. What is the tens digit of w?
3
Let m(b) = -b**2 + b + 2. Let n be m(5). Let u = n + 36. What is the tens digit of u?
1
Let t = 4 + 0. Suppose -3 = -a + 1. Suppose t*l - a = 2*l. What is the units digit of l?
2
Let d(o) = o - 5*o - 3*o - 1 + o. Let g be d(-3). Let a = g - 3. What is the tens digit of a?
1
Let x = -3 - -3. Suppose 24 = -x*d + d. What is the units digit of d?
4
Let n(s) = 28*s - 21. Let g(m) = 7*m - 5. Let z(t) = 21*g(t) - 5*n(t). Suppose -3 = -3*j + 2*q, -3*j - 4*q + q + 3 = 0. What is the units digit of z(j)?
7
Let s = -32 - -89. What is the units digit of s?
7
Let b be (-4)/6*(-18)/4. Suppose -5*r = -b*r + 4. Let v = r + 8. What is the units digit of v?
6
Let d(a) = a**2 + a + 11. Suppose -2*f - 2*f = 0. Let k be d(f). Suppose 4*w = 9 + k. What is the units digit of w?
5
Let q = -33 - -102. What is the units digit of q?
9
Let t = -41 - -17. Let k = t + 51. What is the units digit of k?
7
Suppose 47 = 4*j + 11. Let q be (-4)/(-6) - (-327)/j. Let v = -22 + q. What is the tens digit of v?
1
What is the tens digit of 5/((-30)/(-4)) - 4120/(-30)?
3
Let p(v) = -v**3 + 7*v**2 + v - 5. Let a = -3 + 5. Suppose -s = a*s - 21. What is the units digit of p(s)?
2
Let b = -196 - -300. What is the hundreds digit of b?
1
What is the units digit of 85 + -1 + -3 + 2?
3
Let z(s) = 3*s**2 - 16*s - 6. What is the units digit of z(7)?
9
Let j(n) = 6*n + n - 3*n - 3*n + 7. Let g = -8 - -3. What is the units digit of j(g)?
2
Let f be (-12)/(-15)*(-5)/(-2). Let d be -1*f*(-9)/6. Suppose -8*s + 10 = -d*s. What is the units digit of s?
2
Let v(d) = d**2 - d - 1. Suppose 0 = -f + 4*w - 0 + 5, 2*f + 3*w + 12 = 0. Let k be (-3 - f) + 1*-3. What is the tens digit of v(k)?
1
Let y = -109 - -203. What is the units digit of y?
4
Let c(n) = 3*n + 10. What is the units digit of c(6)?
8
Let w = 128 - -3. What is the hundreds digit of w?
1
Suppose 150 = -5*l - 0*l. Suppose -2 = i + 15. Let m = i - l. What is the tens digit of m?
1
Let p be ((-8)/(-12))/((-2)/(-6)). What is the units digit of 0 - (-1*4)/p?
2
Let h be 0/((-3)/(9/(-3))). Suppose 100 = 3*g + 5*p, g - 33 = -h*g - 2*p. What is the tens digit o